divide 2077488?
True
Is 295 a factor of 420645?
False
Is 10 a factor of 183050?
True
Is 37 a factor of 6925253?
True
Is 15 a factor of 572310?
True
Is 125 a factor of 74151?
False
Is 22 a factor of 115566?
True
Is 192 a factor of 35498?
False
Does 67 divide 110324?
False
Is 246 a factor of 5761547?
False
Does 297 divide 1188297?
True
Does 48 divide 417248?
False
Is 15 a factor of 95460?
True
Is 35211 a multiple of 97?
True
Does 14 divide 14108164?
True
Is 8 a factor of 152033?
False
Does 10 divide 410871?
False
Is 3 a factor of 321049?
False
Does 15 divide 431430?
True
Is 52 a factor of 5353348?
True
Is 118 a factor of 29618?
True
Is 169 a factor of 7640844?
False
Is 327130 a multiple of 168?
False
Does 11 divide 1898611?
True
Is 51 a factor of 1833858?
True
Is 38 a factor of 33667?
False
Is 368187 a multiple of 19?
False
Does 146 divide 1729466?
False
Is 2058 a multiple of 49?
True
Does 6 divide 49104?
True
Is 9 a factor of 325522?
False
Is 10 a factor of 7604279?
False
Does 304 divide 855760?
True
Is 241 a factor of 544653?
False
Is 4 a factor of 172083?
False
Is 616369 a multiple of 13?
True
Is 41987 even?
False
Does 42 divide 2003125?
False
Is 68 a factor of 1227723?
False
Is 10 a factor of 10862139?
False
Is 14275885 a multiple of 1714?
False
Is 19432 a multiple of 6?
False
Does 151 divide 170781?
True
Is 18 a factor of 606846?
False
Is 366 a factor of 288302?
False
Does 127 divide 3228467?
True
Does 119 divide 85680?
True
Is 774 a factor of 3072853?
False
Does 15 divide 3071745?
True
Is 237 a factor of 1328588?
False
Is 994052 a multiple of 53?
False
Is 169 a factor of 341291?
False
Is 151758 a multiple of 59?
False
Is 398335 a multiple of 665?
True
Is 142 a factor of 10508?
True
Does 132 divide 46671?
False
Is 913234 a multiple of 518?
True
Is 10 a factor of 102130?
True
Is 114 a factor of 2288805?
False
Does 25 divide 59250?
True
Does 217 divide 81054?
False
Is 1434 a factor of 7827624?
False
Is 1263702 a multiple of 66?
True
Is 4815 a multiple of 3?
True
Is 120995 a multiple of 4?
False
Is 179800 a multiple of 20?
True
Is 188 a factor of 1464855?
False
Does 26 divide 1421542?
False
Does 2 divide 656396?
True
Does 63 divide 35595?
True
Is 454 a factor of 92707?
False
Is 10 a factor of 209530?
True
Does 1216 divide 1640812?
False
Is 1318 a factor of 6354561?
False
Does 6 divide 2040997?
False
Is 41 a factor of 3918154?
False
Does 108 divide 4883449?
False
Does 686 divide 8425452?
True
Is 104 a factor of 917696?
True
Does 7 divide 6501741?
False
Is 24 a factor of 554557?
False
Is 243 a factor of 8881?
False
Is 515 a factor of 3144595?
False
Does 240 divide 3205162?
False
Is 21564 a multiple of 18?
True
Does 38 divide 207404?
True
Does 20 divide 809860?
True
Is 66 a factor of 1056?
True
Is 46491 a multiple of 7?
False
Is 58 a factor of 35728?
True
Does 79 divide 5119373?
False
Does 19 divide 96675?
False
Is 7 a factor of 629580?
True
Does 1986 divide 2800685?
False
Is 82368 a multiple of 222?
False
Is 23351761 a multiple of 202?
False
Is 509738 a multiple of 73?
False
Is 889 a factor of 663194?
True
Is 31 a factor of 220727?
False
Is 1041858 a multiple of 918?
False
Does 17 divide 1114741?
True
Is 288606 a multiple of 294?
False
Is 392311 a multiple of 300?
False
Is 16 a factor of 32682024?
False
Is 4 a factor of 45831?
False
Is 931450 a multiple of 5?
True
Is 2123556 a multiple of 9?
False
Is 23 a factor of 3065926?
False
Does 134 divide 10926906?
False
Is 1637439 a multiple of 344?
False
Does 8 divide 28104356?
False
Is 160 a factor of 3680745?
False
Is 337867 a multiple of 158?
False
Is 3 a factor of 190377?
True
Does 15 divide 173494?
False
Is 52 a factor of 2823127?
False
Is 81 a factor of 62694?
True
Is 274349 a multiple of 189?
False
Does 287 divide 6839784?
True
Is 5 a factor of 383903?
False
Does 16 divide 13282496?
True
Does 267 divide 50730?
True
Does 99 divide 1502036?
False
Does 95 divide 131670?
True
Is 5370 a multiple of 10?
True
Does 45 divide 241471?
False
Is 613490 a multiple of 519?
False
Is 176 a factor of 249684?
False
Does 522 divide 4411422?
True
Is 24 a factor of 8520636?
False
Is 1340597 a multiple of 9?
False
Does 19 divide 22324?
False
Is 149445 a multiple of 45?
True
Does 620 divide 14260?
True
Is 3759600 a multiple of 39?
True
Is 984407 a multiple of 81?
False
Is 209208 a multiple of 86?
False
Does 18 divide 472950?
True
Does 11 divide 357596?
False
Is 22243 a multiple of 13?
True
Is 336800 a multiple of 421?
True
Is 666 a factor of 350982?
True
Is 1381412 a multiple of 1433?
True
Is 28053 a multiple of 16?
False
Is 294563 a multiple of 84?
False
Is 511 a factor of 143848?
False
Is 1068636 a multiple of 730?
False
Does 40 divide 2058899?
False
Is 109848 a multiple of 3?
True
Is 390664 a multiple of 102?
False
Is 1404488 a multiple of 363?
False
Is 71 a factor of 164732?
False
Does 262 divide 821266?
False
Is 154632 a multiple of 34?
True
Does 4 divide 5188?
True
Is 81395 a multiple of 50?
False
Does 25 divide 11474?
False
Is 27135 a multiple of 15?
True
Does 199 divide 234627?
False
Is 223 a factor of 54750?
False
Does 17 divide 2208538?
True
Does 14 divide 3190670?
True
Is 678080 a multiple of 80?
True
Is 52217 even?
False
Is 9 a factor of 84780?
True
Is 350 a factor of 1846600?
True
Is 3884947 a multiple of 880?
False
Does 128 divide 268799?
False
Does 5 divide 1730627?
False
Is 213 a factor of 3564981?
True
Is 81671 a multiple of 32?
False
Does 37 divide 276204?
False
Is 18 a factor of 827149?
False
Is 89375 a multiple of 325?
True
Does 4 divide 390987?
False
Is 4901763 a multiple of 431?
True
Is 109027 a multiple of 144?
False
Is 68 a factor of 7771608?
False
Is 19 a factor of 229102?
True
Is 288153 a multiple of 10?
False
Is 50 a factor of 4350?
True
Is 114 a factor of 6367926?
True
Is 2 a factor of 554521?
False
Does 2 divide 3252236?
True
Is 33 a factor of 1305447?
True
Does 9 divide 11037384?
True
Is 799730 a multiple of 36?
False
Does 26 divide 1161709?
False
Is 1852491 a multiple of 199?
True
Is 5061173 a multiple of 299?
True
Does 13 divide 68192?
False
Does 8 divide 465677?
False
Does 25 divide 86102?
False
Is 1831 a factor of 2611187?
False
Is 33 a factor of 14650449?
True
Is 157878 a multiple of 10?
False
Is 2453484 a multiple of 132?
True
Does 22 divide 170006?
False
Is 16 a factor of 232137?
False
Does 75 divide 1912754?
False
Is 135 a factor of 388412?
False
Is 6 a factor of 11465232?
True
Does 50 divide 1213461?
False
Is 2604403 a multiple of 29?
True
Is 9587351 a multiple of 929?
False
Does 6 divide 70774?
False
Does 499 divide 134730?
True
Is 435906 a multiple of 122?
True
Is 21 a factor of 21291164?
False
Is 198 a factor of 168300?
True
Is 26 a factor of 43524?
True
Is 106020 a multiple of 372?
True
Is 553 a factor of 10461101?
True
Is 158374 a multiple of 63?
False
Does 3 divide 105119?
False
Does 6 divide 38611?
False
Is 8645710 a multiple of 16?
False
Is 917167 a multiple of 17?
True
Is 45 a factor of 361485?
True
Does 23 divide 29946?
True
Is 13060063 a multiple of 32?
False
Is 90555 a multiple of 15?
True
Is 65 a factor of 471244?
False
Is 4 a factor of 1988?
True
Is 71 a factor of 920941?
True
Is 477 a factor of 558026?
False
Is 335 a factor of 162867?
False
Is 563 a factor of 178471?
True
Is 20920539 a multiple of 132?
False
Does 118 divide 1228026?
True
Is 7 a factor of 754817?
True
Does 8 divide 91926?
False
Is 10 a factor of 932700?
True
Does 4 divide 1440320?
True
Does 18 divide 391250?
False
Is 229 a factor of 3601189?
False
Is 185020 a multiple of 10?
True
Is 74 a factor of 184022?
False
Does 84 divide 479815?
False
Is 141606 a multiple of 212?
False
Is 64 a factor of 422568?
False
Is 1008257 a multiple of 517?
False
Does 22 divide 10670?
True
Is 5 a factor of 188255?
True
Is 25641 a multiple of 77?
True
Is 304477 a multiple of 435?
False
Does 242 divide 2884882?
True
Does 4 divide 9421332?
True
Is 301 a factor of 269148?
False
Is 2195564 a multiple of 19?
True
Is 224459 a multiple of 50?
False
Is 86 a factor of 236037?
False
Does 53 divide 7785064?
True
Is 10545660 a multiple of 27?
True
Is 1898494 a multiple of 26?
True
Is 2991235 a multiple of 98?
False
Is 38 a factor of 628368?
True
Is 8263603 a multiple of 228?
False
Is 1008630 a multiple of 10?
True
Does 39 divide 2